{"id":1580,"date":"2025-11-18T10:33:50","date_gmt":"2025-11-18T10:33:50","guid":{"rendered":"https:\/\/bcmgroupe.com\/?page_id=1580"},"modified":"2025-11-19T12:39:25","modified_gmt":"2025-11-19T12:39:25","slug":"creation-de-visuels","status":"publish","type":"page","link":"https:\/\/bcmgroupe.com\/index.php\/creation-de-visuels\/","title":{"rendered":"Cr\u00e9ation de Visuels"},"content":{"rendered":"\n<p>Il s&rsquo;agit de produire du contenu qui attire et retient l&rsquo;attention d&rsquo;une cible. La cr\u00e9ation de contenu permet \u00e0 une marque de se distinguer \u00e0 l&rsquo;aide de<br>textes, de vid\u00e9os, de photos et d&rsquo;infographies, entre autres, qui ont une valeur pour cette cible.<\/p>\n\n\n\n<p>On appelle contenu visuel toutes les images ou illustrations qui accompagnent un texte afin de le mettre en valeur ou de le compl\u00e9ter. Sous<br>forme graphique, le propos est imm\u00e9diatement identifi\u00e9. L&rsquo;image va dans un premier temps retenir l&rsquo;attention de votre cible.<\/p>\n\n\n\n<p><\/p>\n","protected":false},"excerpt":{"rendered":"<p>Il s&rsquo;agit de produire du contenu qui attire et retient l&rsquo;attention d&rsquo;une cible. La cr\u00e9ation de contenu permet \u00e0 une marque de se distinguer \u00e0 l&rsquo;aide detextes, de vid\u00e9os, de photos et d&rsquo;infographies, entre autres, qui ont une valeur pour cette cible. On appelle contenu visuel toutes les images ou illustrations qui accompagnent un texte [&hellip;]<\/p>\n","protected":false},"author":1,"featured_media":0,"parent":0,"menu_order":0,"comment_status":"closed","ping_status":"closed","template":"","meta":{"footnotes":""},"class_list":["post-1580","page","type-page","status-publish","hentry"],"blocksy_meta":[],"_links":{"self":[{"href":"https:\/\/bcmgroupe.com\/index.php\/wp-json\/wp\/v2\/pages\/1580","targetHints":{"allow":["GET"]}}],"collection":[{"href":"https:\/\/bcmgroupe.com\/index.php\/wp-json\/wp\/v2\/pages"}],"about":[{"href":"https:\/\/bcmgroupe.com\/index.php\/wp-json\/wp\/v2\/types\/page"}],"author":[{"embeddable":true,"href":"https:\/\/bcmgroupe.com\/index.php\/wp-json\/wp\/v2\/users\/1"}],"replies":[{"embeddable":true,"href":"https:\/\/bcmgroupe.com\/index.php\/wp-json\/wp\/v2\/comments?post=1580"}],"version-history":[{"count":2,"href":"https:\/\/bcmgroupe.com\/index.php\/wp-json\/wp\/v2\/pages\/1580\/revisions"}],"predecessor-version":[{"id":1640,"href":"https:\/\/bcmgroupe.com\/index.php\/wp-json\/wp\/v2\/pages\/1580\/revisions\/1640"}],"wp:attachment":[{"href":"https:\/\/bcmgroupe.com\/index.php\/wp-json\/wp\/v2\/media?parent=1580"}],"curies":[{"name":"wp","href":"https:\/\/api.w.org\/{rel}","templated":true}]}}