{"id":1554,"date":"2025-11-18T09:39:46","date_gmt":"2025-11-18T09:39:46","guid":{"rendered":"https:\/\/bcmgroupe.com\/?page_id=1554"},"modified":"2025-11-19T13:41:29","modified_gmt":"2025-11-19T13:41:29","slug":"developpement-web","status":"publish","type":"page","link":"https:\/\/bcmgroupe.com\/index.php\/developpement-web\/","title":{"rendered":"D\u00e9veloppement Web"},"content":{"rendered":"\t\t<div data-elementor-type=\"wp-page\" data-elementor-id=\"1554\" class=\"elementor elementor-1554\">\n\t\t\t\t<div class=\"elementor-element elementor-element-f9cd2af e-flex e-con-boxed e-con e-parent\" data-id=\"f9cd2af\" data-element_type=\"container\">\n\t\t\t\t\t<div class=\"e-con-inner\">\n\t\t\t\t<div class=\"elementor-element elementor-element-8d65c91 elementor-widget elementor-widget-image\" data-id=\"8d65c91\" data-element_type=\"widget\" data-widget_type=\"image.default\">\n\t\t\t\t\t\t\t\t\t\t\t\t\t\t\t<img fetchpriority=\"high\" decoding=\"async\" width=\"300\" height=\"168\" src=\"https:\/\/bcmgroupe.com\/wp-content\/uploads\/2025\/11\/img2-300x168.jpg\" class=\"attachment-medium size-medium wp-image-1644\" alt=\"\" srcset=\"https:\/\/bcmgroupe.com\/wp-content\/uploads\/2025\/11\/img2-300x168.jpg 300w, https:\/\/bcmgroupe.com\/wp-content\/uploads\/2025\/11\/img2.jpg 720w\" sizes=\"(max-width: 300px) 100vw, 300px\" \/>\t\t\t\t\t\t\t\t\t\t\t\t\t\t\t<\/div>\n\t\t\t\t<div class=\"elementor-element elementor-element-4f684e3 elementor-widget elementor-widget-text-editor\" data-id=\"4f684e3\" data-element_type=\"widget\" data-widget_type=\"text-editor.default\">\n\t\t\t\t\t\t\t\t\t<p>Une application Web est un logiciel qui s&rsquo;ex\u00e9cute dans votre navigateur<br \/>Web. Les entreprises doivent \u00e9changer des informations et fournir des<br \/>services \u00e0 distance. Elles utilisent des applications Web pour se<br \/>connecter aux clients de mani\u00e8re pratique et s\u00e9curis\u00e9e.<\/p>\t\t\t\t\t\t\t\t<\/div>\n\t\t<div class=\"elementor-element elementor-element-fd7e3d4 e-con-full e-flex e-con e-child\" data-id=\"fd7e3d4\" data-element_type=\"container\">\n\t\t\t\t<div class=\"elementor-element elementor-element-0444dae elementor-widget elementor-widget-button\" data-id=\"0444dae\" data-element_type=\"widget\" data-widget_type=\"button.default\">\n\t\t\t\t\t\t\t\t\t\t<a class=\"elementor-button elementor-button-link elementor-size-sm\" href=\"https:\/\/bcmgroupe.com\/index.php\/contact\/\">\n\t\t\t\t\t\t<span class=\"elementor-button-content-wrapper\">\n\t\t\t\t\t\t\t\t\t<span class=\"elementor-button-text\">Contacter<\/span>\n\t\t\t\t\t<\/span>\n\t\t\t\t\t<\/a>\n\t\t\t\t\t\t\t\t<\/div>\n\t\t\t\t<\/div>\n\t\t\t\t\t<\/div>\n\t\t\t\t<\/div>\n\t\t\t\t<\/div>\n\t\t","protected":false},"excerpt":{"rendered":"<p>Une application Web est un logiciel qui s&rsquo;ex\u00e9cute dans votre navigateurWeb. Les entreprises doivent \u00e9changer des informations et fournir desservices \u00e0 distance. Elles utilisent des applications Web pour seconnecter aux clients de mani\u00e8re pratique et s\u00e9curis\u00e9e. Contacter<\/p>\n","protected":false},"author":1,"featured_media":0,"parent":0,"menu_order":0,"comment_status":"closed","ping_status":"closed","template":"","meta":{"footnotes":""},"class_list":["post-1554","page","type-page","status-publish","hentry"],"blocksy_meta":[],"_links":{"self":[{"href":"https:\/\/bcmgroupe.com\/index.php\/wp-json\/wp\/v2\/pages\/1554","targetHints":{"allow":["GET"]}}],"collection":[{"href":"https:\/\/bcmgroupe.com\/index.php\/wp-json\/wp\/v2\/pages"}],"about":[{"href":"https:\/\/bcmgroupe.com\/index.php\/wp-json\/wp\/v2\/types\/page"}],"author":[{"embeddable":true,"href":"https:\/\/bcmgroupe.com\/index.php\/wp-json\/wp\/v2\/users\/1"}],"replies":[{"embeddable":true,"href":"https:\/\/bcmgroupe.com\/index.php\/wp-json\/wp\/v2\/comments?post=1554"}],"version-history":[{"count":15,"href":"https:\/\/bcmgroupe.com\/index.php\/wp-json\/wp\/v2\/pages\/1554\/revisions"}],"predecessor-version":[{"id":1650,"href":"https:\/\/bcmgroupe.com\/index.php\/wp-json\/wp\/v2\/pages\/1554\/revisions\/1650"}],"wp:attachment":[{"href":"https:\/\/bcmgroupe.com\/index.php\/wp-json\/wp\/v2\/media?parent=1554"}],"curies":[{"name":"wp","href":"https:\/\/api.w.org\/{rel}","templated":true}]}}